{"id":49,"date":"2015-12-30T12:22:42","date_gmt":"2015-12-30T12:22:42","guid":{"rendered":"http:\/\/maoia.home.pl\/autoinstalator\/wordpress\/?page_id=49"},"modified":"2021-08-27T12:01:14","modified_gmt":"2021-08-27T12:01:14","slug":"przydatne-adresy","status":"publish","type":"page","link":"https:\/\/mazowiecka.iarp.pl\/?page_id=49","title":{"rendered":"Przydatne adresy"},"content":{"rendered":"<ul>\n<li style=\"list-style-type: none;\">\n<ul>\n<li class=\"link-nag\">Krajowa Rada Izby Architekt\u00f3w\n<ul class=\"link-lvl\">\n<li><a href=\"http:\/\/www.izbaarchitektow.pl\/\" target=\"_blank\" rel=\"noopener noreferrer\">Krajowa Izba Architekt\u00f3w<\/a><\/li>\n<li><a href=\"http:\/\/www.izbaarchitektow.pl\/pokaz.php?id=99\" target=\"_blank\" rel=\"noopener noreferrer\">Uchwa\u0142y Krajowej Rady IA<\/a><\/li>\n<li><a href=\"http:\/\/www.izbaarchitektow.pl\/pokaz.php?id=586\" target=\"_blank\" rel=\"noopener noreferrer\">Uchwa\u0142y Zjazdu Krajowego IA<\/a><\/li>\n<li><a href=\"http:\/\/www.warsztatarchitekta.pl\/\" target=\"_blank\" rel=\"noopener noreferrer\">Warsztat Architekta<\/a>\n<div class=\"link-info\">Portal dla architekt\u00f3w zawieraj\u0105cy kompendium wiedzy zawodowej (warsztat, prawo, publikacje) oraz forum wymiany do\u015bwiadcze\u0144, prowadzony przez Ma\u0142opolsk\u0105 OIA RP<\/div>\n<\/li>\n<li><a href=\"http:\/\/zawod-architekt.pl\/\" target=\"_blank\" rel=\"noopener noreferrer\">Zaw\u00f3d:Architekt<\/a>\u00a0czasopismo og\u00f3lnopolskie architekt\u00f3w IARP<\/li>\n<\/ul>\n<\/li>\n<\/ul>\n<\/li>\n<\/ul>\n<ul>\n<li style=\"list-style-type: none;\">\n<ul>\n<li class=\"link-nag\">Okr\u0119gowe Izby Architekt\u00f3w\n<ul class=\"link-lvl\">\n<li><a href=\"http:\/\/www.izbaarchitektow.wroc.pl\/\" target=\"_blank\" rel=\"noopener noreferrer\">Dolno\u015bl\u0105ska Okr\u0119gowa Izba Architekt\u00f3w<\/a><\/li>\n<li><a href=\"http:\/\/kpoia.iarp.pl\/\" target=\"_blank\" rel=\"noopener noreferrer\">Kujawsko-Pomorska Okr\u0119gowa Izba Architekt\u00f3w<\/a><\/li>\n<li><a href=\"http:\/\/lubelska.iarp.pl\/\" target=\"_blank\" rel=\"noopener noreferrer\">Lubelska Okr\u0119gowa Izba Architekt\u00f3w<\/a><\/li>\n<li><a href=\"http:\/\/lubuska.iarp.pl\/\" target=\"_blank\" rel=\"noopener noreferrer\">Lubuska Okr\u0119gowa Izba Architekt\u00f3w<\/a><\/li>\n<li><a href=\"http:\/\/lodzka.iarp.pl\/\" target=\"_blank\" rel=\"noopener noreferrer\">\u0141\u00f3dzka Okr\u0119gowa Izba Architekt\u00f3w<\/a><\/li>\n<li><a href=\"http:\/\/malopolska.iarp.pl\/\" target=\"_blank\" rel=\"noopener noreferrer\">Ma\u0142opolska Okr\u0119gowa Izba Architekt\u00f3w<\/a><\/li>\n<li><a href=\"http:\/\/izbaarchitektow.opole.pl\/\" target=\"_blank\" rel=\"noopener noreferrer\">Opolska Okr\u0119gowa Izba Architekt\u00f3w<\/a><\/li>\n<li><a href=\"http:\/\/podkarpacka.iarp.pl\/\" target=\"_blank\" rel=\"noopener noreferrer\">Podkarpacka Okr\u0119gowa Izba Architekt\u00f3w<\/a><\/li>\n<li><a href=\"http:\/\/podlaska.iarp.pl\/\" target=\"_blank\" rel=\"noopener noreferrer\">Podlaska Okr\u0119gowa Izba Architekt\u00f3w<\/a><\/li>\n<li><a href=\"http:\/\/pomorska.iarp.pl\/\" target=\"_blank\" rel=\"noopener noreferrer\">Pomorska Okr\u0119gowa Izba Architekt\u00f3w<\/a><\/li>\n<li><a href=\"http:\/\/slaska.iarp.pl\/\" target=\"_blank\" rel=\"noopener noreferrer\">\u015al\u0105ska Okr\u0119gowa Izba Architekt\u00f3w<\/a><\/li>\n<li><a href=\"http:\/\/swietokrzyska.iarp.pl\/\" target=\"_blank\" rel=\"noopener noreferrer\">\u015awi\u0119tokrzyska Okr\u0119gowa Izba Architekt\u00f3w<\/a><\/li>\n<li><a href=\"http:\/\/wm.iarp.pl\/\" target=\"_blank\" rel=\"noopener noreferrer\">Warmi\u0144sko &#8211; Mazurska Okr\u0119gowa Izba Architekt\u00f3w<\/a><\/li>\n<li><a href=\"http:\/\/wielkopolska.iarp.pl\/\" target=\"_blank\" rel=\"noopener noreferrer\">Wielkopolska Okr\u0119gowa Izba Architekt\u00f3w<\/a><\/li>\n<li><a href=\"http:\/\/zachodniopomorska.iarp.pl\/\" target=\"_blank\" rel=\"noopener noreferrer\">Zachodniopomorska Okr\u0119gowa Izba Architekt\u00f3w<\/a><\/li>\n<\/ul>\n<\/li>\n<\/ul>\n<\/li>\n<\/ul>\n<ul>\n<li style=\"list-style-type: none;\">\n<ul>\n<li class=\"link-nag\">Organizacje mi\u0119dzynarodowe\n<ul class=\"link-lvl\">\n<li><a href=\"http:\/\/www.ace-cae.org\/\" target=\"_blank\" rel=\"noopener noreferrer\">ACE-CAE Rada Architekt\u00f3w Europy<\/a><\/li>\n<li><a href=\"http:\/\/www.arce-eu.org\/\" target=\"_blank\" rel=\"noopener noreferrer\">ARCE Zrzeszenie Architekt\u00f3w z Region\u00f3w i Miast Metropolitalnych Unii Europejskiej<\/a><\/li>\n<li><a href=\"http:\/\/www.cebc.eu\/\" target=\"_blank\" rel=\"noopener noreferrer\">Consortium of European Building Control<\/a><\/li>\n<li><a href=\"http:\/\/www.uia-architectes.org\/\" target=\"_blank\" rel=\"noopener noreferrer\">UIA Mi\u0119dzynarodowa Unia Architekt\u00f3w<\/a><\/li>\n<li><a href=\"http:\/\/www.unhabitat.org.pl\/en\/index.php\" target=\"_blank\" rel=\"noopener noreferrer\">UN-Habitat<\/a><\/li>\n<\/ul>\n<\/li>\n<\/ul>\n<\/li>\n<\/ul>\n<ul>\n<li style=\"list-style-type: none;\">\n<ul>\n<li class=\"link-nag\">Przydatne adresy\n<ul class=\"link-lvl\">\n<li><a href=\"http:\/\/www.nid.pl\/pl\/Informacje_ogolne\/Zabytki_w_Polsce\/rejestr-zabytkow\/zestawienia-zabytkow-nieruchomych\/\" target=\"_blank\" rel=\"noopener noreferrer\">Narodowy Instytut Dziedzictwa<\/a>\n<div class=\"link-info\">rejestry zabytk\u00f3w<\/div>\n<\/li>\n<li><a href=\"http:\/\/niaiu.pl\">Narodowy Instytut Architektury i Urbanistyki<\/a><\/li>\n<li><a href=\"http:\/\/http\/\/www.maz.piib.org.pl\" target=\"_blank\" rel=\"noopener noreferrer\">Mazowiecka Okr\u0119gowa Izba In\u017cynier\u00f3w Budownictwa<\/a><\/li>\n<li><a href=\"http:\/\/www.ma.wroc.pl\/\" target=\"_blank\" rel=\"noopener noreferrer\">Muzeum Architektury we Wroc\u0142awiu<\/a><\/li>\n<li><a href=\"https:\/\/www.nimoz.pl\">Narodowy Instytut Muzealnictwa i Ochrony Zbior\u00f3w<\/a><\/li>\n<li><a href=\"http:\/\/www.architektura.um.warszawa.pl\/studium\" target=\"_blank\" rel=\"noopener noreferrer\">Studium uwarunkowa\u0144 i kierunk\u00f3w zagospodarowania przestrzennego Miasta Sto\u0142ecznego Warszawy<\/a><\/li>\n<li><a href=\"http:\/\/nimoz.pl\/pl\/bazy-danych\/wykaz-muzeow-i-zabytkow-budowlanych-sygnalizacja-pozarowa\/muzea-i-zabytki-z-wymogiem-posiadania-sygnalizacji-pozarowej\" target=\"_blank\" rel=\"noopener noreferrer\">Wykaz muze\u00f3w i zabytk\u00f3w budowlanych, w kt\u00f3rych wymagane jest stosowanie systemu sygnalizacji po\u017carowej<\/a><\/li>\n<\/ul>\n<\/li>\n<\/ul>\n<\/li>\n<\/ul>\n<ul>\n<li style=\"list-style-type: none;\">\n<ul>\n<li class=\"link-nag\">Stowarzyszenia i organizacje\n<ul class=\"link-lvl\">\n<li><a href=\"http:\/\/www.kib.bti.pl\/\" target=\"_blank\" rel=\"noopener noreferrer\">Krajowa Izba Budownictwa<\/a><\/li>\n<li><a href=\"http:\/\/www.kig.pl\/\" target=\"_blank\" rel=\"noopener noreferrer\">Krajowa Izba Gospodarcza<\/a><\/li>\n<li><a href=\"http:\/\/izbaurbanistow.pl\/\" target=\"_blank\" rel=\"noopener noreferrer\">Stowarzyszenie Polska Izba Urbanist\u00f3w<\/a><\/li>\n<li><a href=\"http:\/\/warszawa.sarp.org.pl\/\" target=\"_blank\" rel=\"noopener noreferrer\">Oddzia\u0142 Warszawski Stowarzyszenia Architekt\u00f3w Polskich<\/a><\/li>\n<li><a href=\"http:\/\/www.sarp.org.pl\/\" target=\"_blank\" rel=\"noopener noreferrer\">Stowarzyszenie Architekt\u00f3w Polskich<\/a><\/li>\n<li><a href=\"http:\/\/www.tup.org.pl\/\" target=\"_blank\" rel=\"noopener noreferrer\">Towarzystwo Urbanist\u00f3w Polskich<\/a><\/li>\n<li><a href=\"http:\/\/www.zawodyzaufaniapublicznego.pl\">Mazowieckie Forum Samorz\u0105d\u00f3w Zawod\u00f3w Zaufania Publicznego<\/a><\/li>\n<\/ul>\n<\/li>\n<\/ul>\n<\/li>\n<\/ul>\n<ul>\n<li class=\"link-nag\">Urz\u0119dy pa\u0144stwowe\n<ul class=\"link-lvl\">\n<li><a href=\"http:\/\/www.gugik.gov.pl\/gugik\/w_pages\/w_index_idx.php?loc=W\" target=\"_blank\" rel=\"noopener noreferrer\">G\u0142\u00f3wny Urz\u0105d Geodezji i Kartografii<\/a><\/li>\n<li><a href=\"http:\/\/www.gunb.gov.pl\/\" target=\"_blank\" rel=\"noopener noreferrer\">G\u0142\u00f3wny Urz\u0105d Nadzoru Budowlanego<\/a><\/li>\n<li><a href=\"http:\/\/mib.gov.pl\">Ministerstwo Infrastruktury<\/a><\/li>\n<li><a href=\"http:\/\/www.mk.gov.pl\/\" target=\"_blank\" rel=\"noopener noreferrer\">Ministerstwo Kultury i Dziedzictwa Narodowego<\/a><\/li>\n<li><a href=\"http:\/\/www.uokik.gov.pl\/\" target=\"_blank\" rel=\"noopener noreferrer\">Urz\u0105d Ochrony Konkurencji i Konsument\u00f3w<\/a><\/li>\n<li><a href=\"http:\/\/www.uzp.gov.pl\/\" target=\"_blank\" rel=\"noopener noreferrer\">Urz\u0105d Zam\u00f3wie\u0144 Publicznych<\/a><\/li>\n<li><a href=\"https:\/\/www.miir.gov.pl\">Ministerstwo Funduszy i Polityki Regionalnej<\/a><\/li>\n<\/ul>\n<\/li>\n<\/ul>\n","protected":false},"excerpt":{"rendered":"<p>Krajowa Rada Izby Architekt\u00f3w Krajowa Izba Architekt\u00f3w Uchwa\u0142y Krajowej Rady IA Uchwa\u0142y Zjazdu Krajowego IA Warsztat Architekta Portal dla architekt\u00f3w zawieraj\u0105cy kompendium wiedzy zawodowej (warsztat, prawo, publikacje) oraz forum wymiany do\u015bwiadcze\u0144, prowadzony przez Ma\u0142opolsk\u0105 OIA RP Zaw\u00f3d:Architekt\u00a0czasopismo og\u00f3lnopolskie architekt\u00f3w IARP Okr\u0119gowe Izby Architekt\u00f3w Dolno\u015bl\u0105ska Okr\u0119gowa Izba Architekt\u00f3w Kujawsko-Pomorska Okr\u0119gowa Izba Architekt\u00f3w Lubelska Okr\u0119gowa Izba Architekt\u00f3w &hellip; <a href=\"https:\/\/mazowiecka.iarp.pl\/?page_id=49\" class=\"more-link\">Czytaj dalej <span class=\"screen-reader-text\">Przydatne adresy<\/span> <span class=\"meta-nav\">&rarr;<\/span><\/a><\/p>\n","protected":false},"author":1,"featured_media":3837,"parent":0,"menu_order":0,"comment_status":"closed","ping_status":"closed","template":"","meta":{"footnotes":""},"class_list":["post-49","page","type-page","status-publish","has-post-thumbnail","hentry"],"publishpress_future_action":{"enabled":false,"date":"2026-04-25 09:01:33","action":"change-status","newStatus":"draft","terms":[],"taxonomy":"","extraData":[]},"publishpress_future_workflow_manual_trigger":{"enabledWorkflows":[]},"_links":{"self":[{"href":"https:\/\/mazowiecka.iarp.pl\/index.php?rest_route=\/wp\/v2\/pages\/49","targetHints":{"allow":["GET"]}}],"collection":[{"href":"https:\/\/mazowiecka.iarp.pl\/index.php?rest_route=\/wp\/v2\/pages"}],"about":[{"href":"https:\/\/mazowiecka.iarp.pl\/index.php?rest_route=\/wp\/v2\/types\/page"}],"author":[{"embeddable":true,"href":"https:\/\/mazowiecka.iarp.pl\/index.php?rest_route=\/wp\/v2\/users\/1"}],"replies":[{"embeddable":true,"href":"https:\/\/mazowiecka.iarp.pl\/index.php?rest_route=%2Fwp%2Fv2%2Fcomments&post=49"}],"version-history":[{"count":15,"href":"https:\/\/mazowiecka.iarp.pl\/index.php?rest_route=\/wp\/v2\/pages\/49\/revisions"}],"predecessor-version":[{"id":2495,"href":"https:\/\/mazowiecka.iarp.pl\/index.php?rest_route=\/wp\/v2\/pages\/49\/revisions\/2495"}],"wp:featuredmedia":[{"embeddable":true,"href":"https:\/\/mazowiecka.iarp.pl\/index.php?rest_route=\/wp\/v2\/media\/3837"}],"wp:attachment":[{"href":"https:\/\/mazowiecka.iarp.pl\/index.php?rest_route=%2Fwp%2Fv2%2Fmedia&parent=49"}],"curies":[{"name":"wp","href":"https:\/\/api.w.org\/{rel}","templated":true}]}}